{"id":348,"date":"2022-02-26T19:25:12","date_gmt":"2022-02-26T18:25:12","guid":{"rendered":"https:\/\/dachdecker-hanika.de\/?page_id=348"},"modified":"2022-03-15T21:44:20","modified_gmt":"2022-03-15T20:44:20","slug":"impressum","status":"publish","type":"page","link":"https:\/\/dachdecker-hanika.de\/index.php\/impressum\/","title":{"rendered":"Impressum"},"content":{"rendered":"\n\n<h2>Impressum<\/h2>\n<h3>Angaben gema\u0308\u00df \u00a7 5 TMG<\/h3>\nDachdeckermeister Rico Hanika (Einzelunternehmer)<br \/>\nAnnaberger Stra\u00dfe 104<br \/>\n09474 Crottendorf\n<h3>Kontakt<\/h3>\n <a href=\"tel:+49373448622\">+49 (0)\u00a037344 8622<\/a><br \/>\n +49 (0) 37344 17600<br \/>\n <a href=\"ma&#105;&#108;&#116;&#111;&#x3a;&#x68;&#x61;&#x6e;&#x69;ka&#64;&#115;&#99;&#104;&#x69;&#x65;&#x66;&#x65;&#x72;da&#99;&#104;&#46;&#99;&#x6f;&#x6d;\">&#104;a&#x6e;i&#x6b;a&#x40;s&#x63;&#104;&#x69;&#101;&#x66;&#101;&#x72;&#100;a&#99;h&#x2e;c&#x6f;m<\/a>\n<h3>Umsatzsteuer-ID<\/h3>\n<p>Umsatzsteuer-Identifikationsnummer gema\u0308\u00df \u00a7 27 a Umsatzsteuergesetz: DE181038807<\/p>\n<h3>Aufsichtsbeho\u0308rde<\/h3>\nHandwerkskammer Chemnitz<br \/>\nLimbacher Stra\u00dfe 195<br \/>\n09116 Chemnitz<br \/>\n<a href=\"http:\/\/www.hwk-chemnitz.de\">http:\/\/www.hwk-chemnitz.de<\/a>\n<h3>Berufsbezeichnung und berufsrechtliche Regelungen<\/h3>\nBerufsbezeichnung: Dachdeckermeister<br \/>\nVerliehen in: Deutschland<br \/>\nZusta\u0308ndige Kammer: Handwerkskammer Chemnitz, Limbacher Stra\u00dfe 195,\u00a009116 Chemnitz\nEs gelten folgende berufsrechtliche Regelungen:<br \/>\nHandwerksordnung &#8211;\u00a0einsehbar unter: <a href=\"http:\/\/www.gesetze-im-internet.de\/hwo\/\">http:\/\/www.gesetze-im-internet.de\/hwo\/<\/a>\n<h3>Angaben zur Berufshaftpflichtversicherung<\/h3>\n<p>Name und Sitz des Versicherers:<\/p>\nBeispiel Versicherung AG Musterweg 10<br \/>\n90210 Musterstadt\n<p>Geltungsraum der Versicherung:<\/p>\n<p>Deutschland<\/p>\n<h3>Redaktionell verantwortlich<\/h3>\nRico Hanika<br \/>\nAnnaberger Stra\u00dfe 109<br \/>\n09474 Crottendorf\n<h3>Verbraucherstreitbeilegung\/Universalschlichtungsstelle<\/h3>\n<p>Wir sind nicht bereit oder verpflichtet, an Streitbeilegungsverfahren vor einer Verbraucherschlichtungsstelle teilzunehmen.<\/p>\n<h3>Rechtlicher Hinweis<\/h3>\n<p>Alle Bilder unterliegen dem Copyright der Firma Dachdeckerei Rico Hanika. Die Benutzung ist ohne schriftliche Zustimmung ausdr\u00fccklich untersagt.<\/p>\n<h3>Haftungshinweis<\/h3>\n<p>Trotz sorgf\u00e4ltiger inhaltlicher Kontrolle \u00fcbernehmen wir keine Haftung\u00a0f\u00fcr die Inhalte externer Links. F\u00fcr den Inhalt der verlinkten Seiten sind ausschlie\u00dflich deren Betreiber verantwortlich.<\/p>\n<p>Quelle:\u00a0<a href=\"https:\/\/www.e-recht24.de\">https:\/\/www.e-recht24.de<\/a><\/p>\n\n","protected":false},"excerpt":{"rendered":"<div class=\"entry-summary\">\n<div class=\"entry-summary\">\nImpressum Angaben gema\u0308\u00df \u00a7 5 TMG Dachdeckermeister Rico Hanika (Einzelunternehmer) Annaberger Stra\u00dfe 104 09474 Crottendorf Kontakt +49 (0)\u00a037344 8622 +49 (0) 37344 17600 h&#97;&#110;&#x69;&#x6b;a&#64;&#115;&#99;&#x68;&#x69;ef&#101;&#114;&#x64;&#x61;ch&#46;&#x63;&#x6f;&#x6d; Umsatzsteuer-ID Umsatzsteuer-Identifikationsnummer gema\u0308\u00df \u00a7 27 a Umsatzsteuergesetz: DE181038807 Aufsichtsbeho\u0308rde Handwerkskammer Chemnitz Limbacher Stra\u00dfe 195 09116 Chemnitz&hellip;\n<\/div>\n<div class=\"link-more\"><a href=\"https:\/\/dachdecker-hanika.de\/index.php\/impressum\/\" class=\"more-link\"><span class=\"screen-reader-text\"> &ldquo;Impressum&rdquo;<\/span> weiterlesen\u00a0&hellip;<\/a><\/div>\n<\/div>\n<div class=\"link-more\"><a href=\"https:\/\/dachdecker-hanika.de\/index.php\/impressum\/\" class=\"more-link\"><span class=\"screen-reader-text\"> &ldquo;Impressum&rdquo;<\/span> weiterlesen\u00a0&hellip;<\/a><\/div>\n","protected":false},"author":1,"featured_media":0,"parent":0,"menu_order":0,"comment_status":"closed","ping_status":"closed","template":"templates\/no-intro.php","meta":{"_acf_changed":false,"footnotes":""},"class_list":["post-348","page","type-page","status-publish","hentry","entry"],"acf":[],"_links":{"self":[{"href":"https:\/\/dachdecker-hanika.de\/index.php\/wp-json\/wp\/v2\/pages\/348","targetHints":{"allow":["GET"]}}],"collection":[{"href":"https:\/\/dachdecker-hanika.de\/index.php\/wp-json\/wp\/v2\/pages"}],"about":[{"href":"https:\/\/dachdecker-hanika.de\/index.php\/wp-json\/wp\/v2\/types\/page"}],"author":[{"embeddable":true,"href":"https:\/\/dachdecker-hanika.de\/index.php\/wp-json\/wp\/v2\/users\/1"}],"replies":[{"embeddable":true,"href":"https:\/\/dachdecker-hanika.de\/index.php\/wp-json\/wp\/v2\/comments?post=348"}],"version-history":[{"count":2,"href":"https:\/\/dachdecker-hanika.de\/index.php\/wp-json\/wp\/v2\/pages\/348\/revisions"}],"predecessor-version":[{"id":407,"href":"https:\/\/dachdecker-hanika.de\/index.php\/wp-json\/wp\/v2\/pages\/348\/revisions\/407"}],"wp:attachment":[{"href":"https:\/\/dachdecker-hanika.de\/index.php\/wp-json\/wp\/v2\/media?parent=348"}],"curies":[{"name":"wp","href":"https:\/\/api.w.org\/{rel}","templated":true}]}}